 y(c) = -17*c - 48. Let f be y(14). Let h = 288 + f. What is the units digit of h?
2
Suppose 3*n + 6 = b, -3*b - 6 = -0*b - n. What is the units digit of (5 + -5 - -462)*b/(-3)?
2
Let k(b) = b**3 - 3*b**2 - 4*b - 5. Let f be k(7). Let r = f - 149. What is the units digit of r?
4
Let d be (5/(-2))/(2/(-8)). Suppose 4*o = -12, -w - 5*o = d + 3. Let x(s) = 29*s**2 + 5*s - 8. What is the hundreds digit of x(w)?
1
Let a be 4 + -12 - 10572/(-3). What is the units digit of (47/94)/(2/a)?
9
Let a(g) = -g - 12. Let z be a(-9). Let x be (-10)/(-5) - z/1. Suppose 0 = -p - x*p + 132. What is the units digit of p?
2
Let f = 15509 - 4099. What is the thousands digit of f?
1
Suppose 3*b - 5*c - 3 = 1, 3*b = -2*c + 32. Let g be 9/(180/b) + (-26)/(-10). Suppose 4*a + m - 83 = 0, 0*m = g*a + 2*m - 61. What is the tens digit of a?
2
Suppose 4*y - 9 = -1. Suppose 5*a - 3*a = o + 1703, 2*a + y*o - 1706 = 0. What is the hundreds digit of a?
8
Let r(g) = -g**2 + 8*g - 11. Let n be r(5). Suppose 2*p = -3*k + 1 - 6, 6 = -n*p - 2*k. What is the tens digit of 61 - (p - (-6 + 3 + 0))?
5
Let d(u) = 14*u - 1. Let t be d(11). Suppose 0 = -2*c - 7*c + t. Let b = 81 - c. What is the units digit of b?
4
Let x(p) = -25*p**2 + 670*p + 33. What is the tens digit of x(14)?
1
Let z = -292 - -332. Let n = 3 - 3. What is the units digit of (n + 6)*z/12?
0
What is the hundreds digit of (-1 + -829)/((-3)/15)?
1
Suppose -4*n = 3*z + 27, 10*z + 5 = 9*z. Let a(v) = -16*v**3 - 2*v**2 + 15*v + 53. What is the hundreds digit of a(n)?
4
Let a(y) = 214*y + 11. Let n be a(2). Suppose -3*w - n + 2716 = -3*j, -5*w = -j - 3815. What is the hundreds digit of w?
7
Suppose -19*h + 15*h = -6456. Suppose 4*b - 3228 = 5*j, -b + h = b + 2*j. Suppose b = 3*w + 333. What is the tens digit of w?
5
Let w(t) = 22*t - 27. Let x(b) be the first derivative of -89*b**2/2 + 106*b + 45. Let o(y) = 9*w(y) + 2*x(y). What is the tens digit of o(3)?
2
Let p = -4734 + 32625. What is the thousands digit of p?
7
Let b = 634 + 25. Suppose -2*w + m = -0*w - b, -10 = -2*m. What is the tens digit of w?
3
Let p be 1/(-2) - (-2457)/26. Let k be -2*2 + 2 + 42. Suppose p + k = a. What is the tens digit of a?
3
Let l = 60013 + -23691. What is the ten thousands digit of l?
3
Let d(f) = 7*f**3 + 2*f**2 - f. Let b be d(1). Let n be -4*((-5)/b)/(5/(-30)). Let k(u) = -u**3 - 15*u**2 - 6*u + 7. What is the units digit of k(n)?
7
Suppose -5*l = -11*l + 1272. What is the tens digit of 10441/l - 5/4?
4
What is the thousands digit of (-7368)/8*44/(-6)?
6
Let k(q) = 2*q**2 + 13*q - 56. Suppose -19*r = -6*r - 130. What is the hundreds digit of k(r)?
2
Let a(k) be the second derivative of -k**4/6 - 17*k**3/3 - 7*k**2 - 3*k. Suppose -7 - 23 = 2*f. What is the tens digit of a(f)?
4
Let s(q) = -2*q**3 - 3*q**2 + 15*q + 19946. What is the hundreds digit of s(0)?
9
Suppose 2*h - d - 21920 = 0, 6*h = h + 5*d + 54790. Suppose 43*l - h = 34*l. What is the tens digit of l?
1
Let g be -4 + (1*-6)/(-1). Suppose 0 = -4*z + 4*d + 4, -5*z + g*d = -0*d - 17. What is the units digit of (-2 + 33)*3 + 15/z?
6
Let q = 27103 + -17604. What is the units digit of q?
9
Let t = 74452 + -37185. What is the thousands digit of t?
7
Let u(i) = 5*i**2 - 15*i - 2. Let n be u(7). Let g be (2 + (-14)/6)*n/(-23). Suppose -4*j - j + g*h + 29 = 0, -5*h = -5*j + 20. What is the units digit of j?
7
Suppose -584*l + 567*l + 154581 = 0. What is the units digit of l?
3
Suppose a = -0*a + 17. Suppose -x + 7 = 10, -4*q = -5*x - 127. Let t = a + q. What is the units digit of t?
5
Let b(p) = -p**3 + 33*p**2 + 31*p - 19. Let c be b(32). Suppose -400 = -t - 4*o, 5*t + 4*o + 61 = c. What is the tens digit of t?
8
What is the tens digit of (-34826547)/(-1029) + ((-12)/294)/1?
4
Suppose -c = 2 - 6. Suppose 5*n - c*y - 3196 = 0, -4*n + 891 = 2*y - 1645. What is the tens digit of n?
3
Suppose -12095 = 5*h + 5*m, -4*h - 6473 = 5*m + 3200. What is the units digit of h/(-11) + (-24)/132?
0
Suppose -101*j = -85*j - 96. What is the units digit of 2054/j + ((-280)/21)/10?
1
Let k = -37704 + 66783. What is the hundreds digit of k?
0
Let z be (4/(-8))/(3/48). What is the hundreds digit of (-9699)/(-24) + 1*1/z?
4
Let d(g) = 267 + 23*g**2 + 50*g - 22*g**2 - 12*g - 12*g. What is the hundreds digit of d(-25)?
2
Let z(v) = -v**3 + 2*v - 1. Let p(w) = -w**3 + 3*w. Let k(j) = 5*p(j) - 4*z(j). What is the hundreds digit of k(-7)?
2
Suppose -4*b = 16, 4*v - 18 = 3*b + 22. Suppose -7*k = 154 + v. Let s(o) = -2*o**3 - 45*o**2 + 19*o + 12. What is the hundreds digit of s(k)?
1
Suppose 5*o = 4*i + 32, -4*o + 2*i = -6 - 22. Let h(n) = 35*n. Let q be h(2). Let p = q - o. What is the tens digit of p?
6
Suppose -3*d = -d - 344. Let i be ((-2)/(-3))/(17/((-27489)/22)). Let y = i + d. What is the units digit of y?
3
Let o(r) = r**2 - r + 1. Let t be o(3). Suppose -2550 = -8*f - t*f. What is the units digit of f?
0
Suppose y + 40431 = 3*k, 4*y + 161754 = 4*k - 2*k. What is the hundreds digit of y/(-216) - -3*(-2)/27?
1
Suppose -3*c = -2*m + 28381, -2*m + 4*c + 35336 = 6958. What is the units digit of m?
5
Let s(a) be the second derivative of -a**5/20 + 5*a**4/4 + 11*a**3/2 - 13*a**2/2 - 158*a - 1. What is the units digit of s(15)?
2
What is the tens digit of ((-286)/78)/((-5)/7995)?
6
Suppose -4*m = -9*m - 5*r - 140, -5*m + 5*r = 130. Let w = m - -42. What is the units digit of 0 - ((-264)/w + 6/(-15))?
8
Let k(b) = -b**3 - 2*b**2 + 6*b + 4. Suppose -12*q = -13*q + 16. Let m be q/6*(-36)/24. What is the units digit of k(m)?
2
Let l(d) = 456*d - 1504. What is the ten thousands digit of l(31)?
1
Let t(k) = k**3 + 2*k**2 + 2*k + 35. Let o be t(0). Suppose -39*r + o*r = -16. Suppose 6*f + g - 79 = f, -f = -r*g - 20. What is the tens digit of f?
1
Let n(x) = -14*x + 2. Let q be n(-5). Suppose -69*m + 24 = -q*m. Let u(w) = w**3 + 10*w**2 + 10*w + 11. What is the tens digit of u(m)?
5
Suppose -m + 5 - 4 = 0. What is the hundreds digit of (1 + m/(-2))/(8/7216)?
4
Let v be 1*3 - 147/(-21). Let m be -2 + 2 + (-560)/v. Let r = -5 - m. What is the tens digit of r?
5
Let n(b) = -b - 9. Let j(r) = -5*r - 35. Let s(z) = 6*j(z) - 22*n(z). Let c be s(-6). Suppose o - c = 89. What is the tens digit of o?
2
Suppose 89*q = 91*q - 10668. What is the tens digit of q?
3
What is the thousands digit of (-33)/22*743*(-18)/3?
6
Suppose -239*y - 12317 = -241*y + h, 30785 = 5*y + 5*h. What is the thousands digit of y?
6
Suppose -4*i - 1115 + 5371 = 0. Suppose 2*d + i = 6*d. What is the units digit of d?
6
Let o(j) = 647*j - 1457. What is the hundreds digit of o(102)?
5
Let o(m) = 1356*m**2 - 9*m - 139. What is the ten thousands digit of o(5)?
3
Suppose -45498 = -11*p + 29852. What is the tens digit of p?
5
Let a = 32566 - -12572. What is the ten thousands digit of a?
4
Let n be 65764/32 - 22/176. Let b = -291 + n. What is the tens digit of b?
6
Let y = 1963 - 1265. Let d = -377 + y. What is the units digit of d?
1
Suppose 4*w + 2*o - 36974 = 0, -5*o = 52 - 87. What is the units digit of w?
0
Let q = 43 + -11. Let c = 37 - q. Suppose -4*l = -v + l + 125, 5*v - 505 = -c*l. What is the tens digit of v?
0
Let j(m) = -13162*m - 322. What is the ten thousands digit of j(-3)?
3
Let w = -51 + 58. Let v(l) = -19 - 9*l + 3*l - 2*l**3 + 20 - w*l**2. What is the units digit of v(-5)?
6
Let y(z) = 56*z**2 + 10*z + 36. Let n be y(-7). Suppose 5*h - 3*r - 2715 = -r, 0 = -5*h + 3*r + n. What is the units digit of h?
5
Suppose 2*i = -3*o - 1337, 27*i - 26*i + 3*o + 670 = 0. Let f = i + 1707. What is the thousands digit of f?
1
Let j(p) = 50*p - 128. Let x be j(-5). Let y = 766 + x. What is the tens digit of y?
8
Let n = -173 - -182. Let l(k) = -k**3 + 10*k**2 - 8*k - 7. Let i be l(9). Suppose 0 = -t - i*j + 245, 5*t = n*j - 11*j + 1233. What is the hundreds digit of t?
2
Let k(b) = b - 15. Let z be k(8). Let v = z - -3. What is the units digit of 165 - v*(-5)/5?
1
Suppose 25 = 12*c - 7*c. Suppose -592 + 148 = -m + 3*n, 0 = 4*m + c*n - 1725. What is the hundreds digit of m?
4
Let a(l) be the third derivative of l**6/60 - 3*l**5/20 + 2*l**4/3 + l**3/6 - 107*l**2. What is the tens digit of a(7)?
5
Let k(b) = -75*b - 14. Let c be k(8). Let o = -255 - c. What is the hundreds digit of o?
3
Let l(x) = -x**3 + 2*x**2 + 38*x - 8. Suppose 0 = 5*h - 2*n - 2*n - 19, 5*h -